 o**3 - 7*o**2 + 4*o - 13. Calculate the remainder when 56 is divided by d(7).
11
Let x(k) = -k**2 + 4*k - 2. Suppose 0 = 4*v - o - 4, 1 = v - 3*o. What is the remainder when v is divided by x(3)?
0
Let h = -3 - -5. Let x(j) = j - 2*j + 3*j + h + j**2. What is the remainder when x(-4) is divided by 6?
4
Let u(y) = -9*y + 9. Let j(g) = -5*g + 5. Let r(w) = -7*j(w) + 4*u(w). What is the remainder when r(-8) is divided by 3?
0
Suppose 118 = 2*g - 2*f, 0 = -3*g - 2*f + 85 + 82. What is the remainder when g is divided by 29?
28
Let v = 2 - -16. Calculate the remainder when v is divided by 4.
2
Let l(v) = 8*v**2 - 3*v + 6*v - 14*v + 5*v - v**3. Suppose 2*p + 12 = 4*p. Calculate the remainder when l(p) is divided by 13.
10
What is the remainder when 34 is divided by (-40)/(-12) + 3 - 2/6?
4
Suppose 103 = -5*y + 3*g - 2*g, 0 = 4*y - 5*g + 95. Calculate the remainder when 17 is divided by (-6)/15*y/2.
1
Let l(m) = -10*m + 5. Calculate the remainder when l(-4) is divided by 16.
13
Suppose 0 = -5*j + 142 + 178. What is the remainder when j is divided by 13?
12
Let t be -2*(-8)/12*6. Calculate the remainder when 19 is divided by t + 2 - 0/(-1).
9
Let g(y) be the third derivative of y**5/15 + y**3/6 - y**2. Let f be g(1). Suppose 0*a + 15 = f*a. What is the remainder when 5 is divided by a?
2
Let m = -77 - -101. Calculate the remainder when 46 is divided by m.
22
Suppose -7*s + 8*s + 34 = 0. Let l = s + 53. What is the remainder when 55 is divided by l?
17
Let i = -4 + 27. Let s = 3 - 0. Calculate the remainder when i is divided by (2 - s)/((-2)/24).
11
Let y(m) = -4*m + 6. Let l be y(5). Let p(s) = -s**3 - 13*s**2 + 14*s + 4. What is the remainder when 9 is divided by p(l)?
1
Let s = -2 + 5. Calculate the remainder when 28 is divided by s.
1
Let c = -161 - -178. Calculate the remainder when 78 is divided by c.
10
Suppose c = -0*c + 23. Let b = c + 2. What is the remainder when b is divided by 9?
7
Let l(g) = g**3 + 4*g**2 - 2*g + 5. Calculate the remainder when l(3) is divided by 16.
14
Let o = -6 + 5. Let i(y) = -10*y - 1. Let c be i(o). Suppose 0 = -5*q + c + 41. What is the remainder when q is divided by 6?
4
Suppose -f - 21 = -2. Let x = 10 + f. Let b = -5 - x. What is the remainder when b is divided by 3?
1
Let n(v) = v**2 + 3*v - 7. Let b be n(-5). Suppose 5*i = -5*t + 90, -t - i = -b*t + 33. Calculate the remainder when t is divided by 1/((2/18)/1).
8
What is the remainder when 84 is divided by (-276)/(-16) - (-1)/(-4)?
16
Suppose 5 = t - 0*x + 2*x, 0 = 3*t + 2*x - 15. Let j = 13 - 10. What is the remainder when t is divided by j?
2
Let t = -1 - -27. What is the remainder when t is divided by 9?
8
Let y(d) = -11*d. Let x be y(-4). Let h = 66 - x. Suppose -33 = -2*o + 5*q, 0 = 3*o - 0*q - 2*q - h. What is the remainder when o is divided by 3?
1
Let t = -50 - -108. Suppose -2*n = -4*n + t. Suppose -3*s + 11 = 3*w - 25, 0 = -2*s + 5*w + 10. What is the remainder when n is divided by s?
9
Let x = 8 - -2. Calculate the remainder when 17 is divided by x.
7
Let n(s) = s**3 - 29*s**2 - 26*s - 21. Calculate the remainder when n(30) is divided by 15.
9
Let p(v) = -6*v - 9. Calculate the remainder when p(-7) is divided by 7.
5
Let u(d) = -2 + 1 + 11*d + 1 + 2. Let x be ((-13)/(-4) + -3)*12. Calculate the remainder when u(x) is divided by 12.
11
Let j = 84 + -30. Suppose -30 - j = -2*d. Suppose -3*q + 60 = -0*m + 5*m, -70 = -3*m + 5*q. Calculate the remainder when d is divided by m.
12
Suppose -3*g + 13 = -77. Let b = g + -21. Suppose -5*x - 47 = -132. What is the remainder when x is divided by b?
8
Suppose 0 = q - b - 3, -2*b - 2*b = -q + 9. Let t be q*(1 + -1)/3. Suppose 15 = 3*h - t*h. Calculate the remainder when 8 is divided by h.
3
Suppose 5*c = 2*j + 45, 32 = 2*c + j + j. What is the remainder when 17 is divided by c?
6
Suppose -5*i + 2 + 23 = 0. Suppose -l + 2 + 0 = 0, -i*g = 3*l - 126. What is the remainder when 47 is divided by g?
23
Let a(u) = u**2 + 7*u - 1. Suppose -w = 4*w - 75. Calculate the remainder when a(-10) is divided by w.
14
Let p(c) = 0 + 2*c - 1 - 4*c. Let m be p(3). Let h = m + 44. Calculate the remainder when h is divided by 13.
11
Let m be 9 + -4 - 0/2. Let d = m + 11. What is the remainder when d is divided by 9?
7
Suppose 4*w = 12 + 4. Calculate the remainder when 11 is divided by w.
3
Let v(o) = 23*o**2 - o - 6. Calculate the remainder when v(-2) is divided by 15.
13
Suppose -6*d = -4*d + 14. Let a(h) = -h**3 - 5*h**2 + 7*h - 9. Let n be a(d). Suppose -n = -0*o - 2*o. Calculate the remainder when o is divided by 7.
6
Suppose 9*l = 4*l - 310. Let x = 122 + l. Let f = x + -18. What is the remainder when f is divided by 22?
20
Let f(i) = 5*i**2 - 4*i**2 + i + 4 - 1. What is the remainder when f(-5) is divided by 6?
5
Let s(p) = p**2 + 7*p + 7. Suppose 0 = 2*k + 4, -3*w + 5*k + 16 = 6. Let r(x) = -x + 1. What is the remainder when r(w) is divided by s(-6)?
0
Suppose 6*q + 55 - 547 = 0. Calculate the remainder when q is divided by 28.
26
Suppose 4 = k - y + 1, -10 = 5*y. Suppose 7*j = -4*j + 11. Calculate the remainder when k is divided by j.
0
Let f = 37 - 17. Calculate the remainder when f is divided by 7.
6
Suppose 3*d + 5*a - 114 = 0, -3*d + 2*a - 6*a + 117 = 0. Let r = 2 + -2. Suppose 15 = q - r*q. What is the remainder when d is divided by q?
13
Let c = -12 - -6. Let z be 1/(9/c - -1). What is the remainder when 75/3 + z + 0 is divided by 12?
11
Let p(o) = 5*o + 5. What is the remainder when p(8) is divided by 12?
9
Let j be 3/(-1 + 4) + -311. Let q be j/(-12) + 4/24. Suppose 3*k = 4*k - q. Calculate the remainder when k is divided by 14.
12
Let v(r) = r + 4. Let t be v(-4). Suppose t = d + 4 - 16. Calculate the remainder when 34 is divided by d.
10
Suppose -3*h + 2*h + i + 137 = 0, 0 = -2*h - 5*i + 260. Suppose 2*o = -3*o + h. Calculate the remainder when o is divided by 10.
7
Suppose -93 = -7*c + 4*c. Suppose -4*y = 8, -9 = -5*k - 5*y - 4. Suppose -5*p + 46 = k*h, -4*p - p - 90 = -5*h. Calculate the remainder when c is divided by h.
14
Suppose 132 = -0*n + 4*n. What is the remainder when 131 is divided by n?
32
Suppose -u + 71 = 2*y, u + 22 = y - 18. What is the remainder when 70 is divided by y?
33
Let h(y) = -y**3 - 9*y**2 + 11*y - 4. Let k = -13 - -3. Let w be h(k). Calculate the remainder when 17 is divided by (7 - 0)*(-12)/w.
5
Let d(l) = l**2 + 4*l + 1. Calculate the remainder when 9 is divided by d(-4).
0
Suppose -t + 5*l = -5*t + 48, 2*l - 8 = 0. What is the remainder when 19/(1/3*3) is divided by t?
5
Let d(i) = -i**2 - 6*i - 3. Suppose 0 = 3*p + 2*p + 25. What is the remainder when 2 is divided by d(p)?
0
Suppose -3*n = 3*n + 24. Let l(t) = t**2 - t - 3. Calculate the remainder when 67 is divided by l(n).
16
Suppose -2*t - 24 = -4*t. Calculate the remainder when 35 is divided by t.
11
Suppose 0 = -x + 2*x. Suppose x = m + 4*l + 15, 3*l + 20 - 7 = m. Suppose 16 = w - m. Calculate the remainder when w is divided by 9.
8
Suppose -5*m = -42 - 53. Let g = 27 - 26. Let w(f) = 56*f**3 + f**2 - 1. Calculate the remainder when w(g) is divided by m.
18
Suppose 4*a + 0*a - 333 = -5*r, -2*r - 221 = -3*a. Let f = a - 53. What is the remainder when f is divided by 13?
11
Let a(r) = -r**3 - 10*r**2 - 11*r + 6. Calculate the remainder when a(-10) is divided by 40.
36
What is the remainder when ((-30)/45)/(1/150*-2) is divided by 26?
24
Let n = 199 - 112. What is the remainder when n is divided by 45?
42
Let q = 11 - -35. Let m = -16 + 32. What is the remainder when q is divided by m?
14
Suppose -429 = -5*f + 2*y, -2*f - 4*y = 3*f - 417. What is the remainder when f is divided by 22?
19
Let p(z) = z**2 + 9*z - 6. What is the remainder when 6 is divided by p(-10)?
2
Let m = 34 + -19. Suppose -2*w + 88 = 5*g, -5*g + 85 = 5*w - m. What is the remainder when 62 is divided by g?
14
Let z = 4 + -3. Let d = 1 + z. Suppose 3*r = -0*r + 5*m + 45, -r - d = 4*m. Calculate the remainder when 28 is divided by r.
8
Suppose -1 - 2 = -3*r. Suppose -2*n - r = -5. Suppose n*a - 2 = 8. What is the remainder when 12 is divided by a?
2
Let o = 40 + -26. Calculate the remainder when o is divided by 4.
2
Suppose -y - 2*y = -24. Let n(p) be the third derivative of p**4/24 + 3*p**3/2 - 3*p**2. Calculate the remainder when 31 is divided by n(y).
14
Let a